). Suppose i*n = 124 + 602. Calculate the greatest common factor of n and 22.
22
Let b = -732 + 981. Calculate the highest common factor of b and 83.
83
Let q be 2/(-4)*(-4)/(-1). Let k be (q + (3 - 2) + 0)*-4. Calculate the greatest common divisor of 2 and k.
2
Suppose -2*g = -2*v + 17 + 93, 0 = -4*g - v - 195. Let u = g + 87. Let a = u + -23. Calculate the greatest common divisor of 2 and a.
2
Let j(a) = 4*a**3 + a**2 - 3*a. Let m be j(3). Suppose -4*o + m + 144 = 0. What is the greatest common divisor of 9 and o?
9
Let y(g) = -14*g - 28. Let s be y(-13). Suppose 0 = 6*h - 7*h + 22. Calculate the greatest common divisor of s and h.
22
Let p be 0 - (5 - (-1 - -1)). Let v be ((-2541)/(-539))/((4/(-14))/(-2)). Let o = v + p. What is the greatest common divisor of 70 and o?
14
Let h be (102/9)/((-6)/(-9)). Let t(s) = -15*s**3 - s**2 - s + 1. Let p be t(1). Let k = p - -101. Calculate the highest common factor of k and h.
17
Let r = -13 + 20. Let u be (-4)/6 - ((-56)/12 + -3). Calculate the highest common factor of r and u.
7
Let d be 1393/42 + 1/(-6). Let x(t) = -4*t + 13. Let k be x(-5). Calculate the greatest common factor of d and k.
33
Let u = -44 - -44. Suppose -5*a + 147 = 3*j, u = -2*j + 2*a - 6*a + 98. Calculate the highest common factor of j and 49.
49
Let x(l) = -l + 2. Let t be x(-10). What is the highest common factor of t and 12?
12
Let p be 5*(-3 + (-24)/(-10)). Let j be (-1)/p + (-266)/(-21). Calculate the greatest common factor of 104 and j.
13
Suppose -n - 155 = -6*n. Suppose -5*t + 4 + n = 0. Calculate the greatest common divisor of 1 and t.
1
Suppose -3*s - 88 = -151. Let r = 2 - -1. What is the highest common factor of r and s?
3
Let w(o) be the first derivative of o**4/4 + o**3/3 - 21*o**2/2 - 6*o + 27. Let x be w(-4). Calculate the highest common divisor of x and 30.
30
Let k(s) = s**3 - 5*s**2 - 4. Let g be k(4). Let h be (g/(-7))/((-4)/(-28)). Calculate the highest common factor of h and 100.
20
Let g(j) = j**2 + 19*j - 4. Let b be g(-8). Let n be b/(-8) + 3/(-6) - -2. Suppose -3*l + 5 = -34. Calculate the greatest common divisor of n and l.
13
Let s = -1031 + 1064. Calculate the greatest common divisor of s and 275.
11
Suppose -97 = -13*s + 10*s + 4*f, -5 = 5*f. What is the highest common factor of 3 and s?
1
Let u be (10/(-4))/(5/(-10)). Suppose -5*i + 12 = -i. Let a = 8 - i. What is the highest common divisor of a and u?
5
Suppose -2*m + 10 = -6. Suppose -p + 4*u = 2*p - 70, -2*u + 46 = 3*p. Let o be (-84)/m*(-48)/p. Calculate the greatest common divisor of o and 4.
4
Suppose -4*y = 8, 2*y = -c - 3*y + 31. Suppose -5*s - 11 = -c. Let q(d) = 7*d - 3. Let a be q(3). Calculate the greatest common divisor of s and a.
6
Let m = 89 - 74. What is the greatest common factor of m and 20?
5
Let k = 57 - -8. Let q = -1205 - -1210. Calculate the greatest common factor of q and k.
5
Let c be 20/4*9/1. Let j be 960/(-50)*c/(-6). What is the greatest common divisor of 18 and j?
18
Let i = 19 + -11. Let f(u) = -u**3 + 4*u**2 - 5*u + 2. Let k be f(2). Suppose l - 45 + 5 = k. What is the greatest common divisor of l and i?
8
Let i = 4801 + -4783. Let y = -5 + -1. Let z be (30/4)/(-5)*y. Calculate the highest common factor of z and i.
9
Let k = -199 + 431. Calculate the greatest common factor of k and 8.
8
Suppose -32*i + 37*i - 155 = 0. Suppose 186 = -4*q + 6*q. Calculate the highest common factor of i and q.
31
Suppose -16 = 8*w - 9*w. Let i(g) = g**2 + g - 4. Let r be i(-3). Calculate the highest common divisor of w and r.
2
Suppose 4*l - 35 = -2*b + 29, 5*b + 56 = 2*l. Calculate the greatest common divisor of l and 882.
18
Let v(f) = 7*f - 71. Let h be v(11). Suppose 14*u - h*u = 376. Calculate the highest common factor of u and 235.
47
Let c be ((-2)/(-3))/(-1 + 3)*81. Suppose -3*o = -2 - 4, 0 = 3*v - 2*o - 239. What is the highest common divisor of v and c?
27
Let a(g) = 7*g + 12. Suppose 5 = 3*u + 3*v - 7, 20 = -2*u + 5*v. Let q be a(u). Calculate the highest common factor of 12 and q.
12
Suppose 0 = 22*m - 14*m - 3320. Calculate the greatest common divisor of m and 664.
83
Let u be (84/39 - 2) + (-16836)/(-78). What is the highest common divisor of 8 and u?
8
Let n(o) = 32*o. Let w be n(1). Let x = 406 - 246. What is the greatest common factor of x and w?
32
Let u be (-2 + 2)/(3/3). Let d be 6 + (u - 3) + 1*-1. What is the highest common factor of d and 20?
2
Let x = 626 - 541. Calculate the highest common factor of 255 and x.
85
Let k = 135 + -79. Let c = -52 - -52. Suppose -4*d - 10*q = -8*q - 32, c = 3*q. Calculate the greatest common divisor of k and d.
8
Let d = 428 + -411. Calculate the greatest common factor of 697 and d.
17
Let l(j) = j**3 + 6*j**2 - 2*j. Let t be l(-5). Let n = -58 - -19. Let o = -34 - n. What is the greatest common factor of o and t?
5
Suppose 0 = 3*r - r - 7048. Let a be (-14)/77 - r/(-22). Suppose 39 + 25 = 4*d + w, -3*d = -2*w - 48. What is the highest common divisor of a and d?
16
Let g = 350 - 218. What is the greatest common factor of 88 and g?
44
Let d = 1043 + -1035. Let l be 337/7 + (-3)/21. What is the highest common factor of l and d?
8
Suppose -7*s = -9*s + 10. Suppose 0 = -s*x + 3*x + 70. Calculate the highest common divisor of 140 and x.
35
Let a be (1 + 2)/(64/14720). Calculate the greatest common factor of 552 and a.
138
Let c(t) = 27*t + 5. Let u be c(-11). Let x be (-2)/(((-8)/u)/(-1)). Suppose -5*l = -x - 212. Calculate the highest common divisor of l and 19.
19
Suppose -5*v + 7 = -2*s - 1, -2*s + 2*v - 2 = 0. Suppose 12 = -3*t, t + s = -x - 2. What is the greatest common factor of x and 8?
1
Let m(v) = -v**2 + 47. Let y be m(-5). What is the greatest common divisor of y and 6?
2
Suppose 0 = -7*i + 1580 - 320. Calculate the highest common divisor of 220 and i.
20
Let i be (-8)/12*(-90)/4. Let u(z) = z**2 + 10*z + 11. Let v be u(-9). Let c be 9/v*8/12. What is the greatest common divisor of c and i?
3
Suppose 9*u = 4*u + 15. Suppose -q + u*q = 110. What is the highest common divisor of 22 and q?
11
Let w = 2048 - 2031. Let m(o) = 6 + o + 3 + 0*o. Let u be m(8). What is the greatest common divisor of u and w?
17
Let c be 6*(8/3 - 2). Suppose 7*n = -2*n + 135. Suppose -n = -6*d + 33. Calculate the greatest common factor of c and d.
4
Let y(r) = 9 - 7*r - 2*r**2 + 3*r**2 - 4 - 9. Let s be y(7). Let q be (-1 + -1)/(2 + s). Calculate the highest common divisor of 8 and q.
1
Let y = -100 + 140. What is the highest common factor of y and 130?
10
Suppose -2*n = -8, 2*n + 28 = 5*h + 4*n. Let b be ((-2)/5)/((-4)/10). Let z = h - b. What is the highest common factor of 24 and z?
3
Let q be (2*-2)/((-17)/2210). Calculate the highest common factor of q and 120.
40
Suppose -1464 = -8*j + 304. Calculate the highest common divisor of j and 17.
17
Let b = 1 + 0. Suppose -b = -v + 1. Let r(c) = 2*c**3 - 2*c**2 + 4*c - 3. Let h be r(v). Calculate the greatest common factor of h and 91.
13
Let k(a) = 9*a**2 - 24*a - 32. Let t be k(4). Let o = -74 - -202. What is the highest common divisor of o and t?
16
Let w = -1548 + 1611. What is the highest common divisor of w and 35?
7
Suppose 5*a = 3*c - 9828, 0 = -0*a - 3*a. Suppose 1219 = -11*b + c. Calculate the highest common divisor of 17 and b.
17
Let c(d) = -2 - 3 - 5 + 3*d + 0. Let g be c(6). Suppose 3*y = 2*n - 0*y - 80, -3*n = -4*y - 120. What is the highest common factor of n and g?
8
Let o = 8 - 6. Let z(g) = -5*g + o*g + 7 - 4*g. Let y be z(-5). What is the greatest common divisor of 14 and y?
14
Let t(x) = -7*x - 2 - 5*x + 3*x + 0*x. Let q be t(-2). Suppose 3*s - 2 = -4*o, 6*o - 2*o = s - 6. What is the greatest common factor of s and q?
2
Suppose j = 4*l - 7, -j - 3*l = -8*l + 10. Let u = -11 + 21. What is the highest common factor of j and u?
5
Suppose 215 = 5*s + 35. Let i be 222/27 - 8/s. Suppose -i + 0 = -4*p. Calculate the greatest common factor of 10 and p.
2
Let n(w) = -w**3 - 3*w**2 + 12. Let p be n(-6). What is the highest common divisor of 48 and p?
24
Let f = 37 + 70. Let h = 227 - f. Suppose -15 + h = x. Calculate the greatest common factor of x and 21.
21
Let o be (496 - 7)/3 - -2. What is the highest common divisor of o and 60?
15
Let q = -10 + -2. Let b be (-2)/4*q + 4. What is the greatest common factor of 2 and b?
2
Let g(w) = -w